ctor of 1170 and 60754850.
130
What is the highest common factor of 5 and 115121395?
5
What is the highest common factor of 912 and 462925272?
456
Calculate the greatest common divisor of 25500 and 18499500.
1500
Calculate the greatest common factor of 19391777 and 47.
47
Calculate the greatest common factor of 128271 and 141427.
3289
What is the highest common divisor of 8929899 and 207097?
3091
Calculate the highest common divisor of 1881 and 1177515.
9
Calculate the greatest common divisor of 151876379 and 508.
127
Calculate the highest common divisor of 39402983 and 257.
257
Calculate the highest common divisor of 8 and 4010436.
4
Calculate the highest common divisor of 59913 and 2721.
3
Calculate the greatest common divisor of 12000 and 10496800.
800
Calculate the highest common factor of 13490 and 65249710.
710
What is the greatest common divisor of 11247 and 1124493?
69
Calculate the highest common factor of 1080 and 5729562.
54
Calculate the greatest common factor of 710442 and 69.
3
Calculate the greatest common divisor of 11424 and 423520.
32
Calculate the highest common factor of 61905 and 1475.
5
Calculate the highest common factor of 1092 and 51784044.
156
Calculate the greatest common divisor of 88911 and 3699.
27
What is the highest common factor of 2375 and 806550?
475
What is the highest common divisor of 4982 and 646579?
47
What is the greatest common factor of 636 and 4513284?
12
Calculate the greatest common factor of 3798375 and 555.
15
What is the greatest common divisor of 83904 and 80237?
19
Calculate the greatest common divisor of 32604 and 78327348.
2508
Calculate the greatest common factor of 9337295 and 20.
5
What is the greatest common divisor of 7367486 and 6?
2
Calculate the greatest common divisor of 300 and 11170092.
12
What is the greatest common divisor of 35991779 and 157?
157
Calculate the highest common divisor of 13875 and 2245900.
925
What is the greatest common divisor of 15447 and 4392462579?
15447
What is the highest common factor of 1050 and 6302310?
210
Calculate the highest common divisor of 39768643 and 48027.
2287
What is the highest common divisor of 24236 and 999652?
332
Calculate the greatest common factor of 253695 and 215.
5
What is the highest common factor of 12 and 2688447756?
12
What is the highest common factor of 123585 and 29015?
35
Calculate the highest common divisor of 458932 and 24735085.
6749
What is the greatest common divisor of 40854 and 1738011?
33
Calculate the greatest common factor of 11487 and 1020369.
21
Calculate the greatest common factor of 22907684 and 164.
164
Calculate the greatest common factor of 377824 and 98576643.
11807
Calculate the highest common divisor of 465684 and 5443260.
3084
What is the greatest common divisor of 899192 and 1484?
28
Calculate the greatest common divisor of 5252 and 2821.
13
What is the greatest common factor of 16 and 427331768?
8
Calculate the highest common factor of 241764 and 2868.
12
What is the greatest common factor of 13100058 and 54?
18
Calculate the greatest common factor of 512734947 and 1959.
1959
What is the highest common factor of 10788 and 109182651?
2697
What is the highest common divisor of 4967113 and 19?
19
Calculate the greatest common factor of 76608 and 259860720.
6384
What is the greatest common divisor of 1111 and 86605783?
1111
Calculate the greatest common divisor of 1263736 and 5452.
188
What is the highest common factor of 4032 and 966885696?
4032
What is the greatest common factor of 1343832225 and 141?
141
What is the highest common factor of 19649 and 2091215?
2807
What is the highest common divisor of 139 and 257348631?
139
Calculate the greatest common factor of 127051418 and 39.
13
Calculate the highest common factor of 128 and 50872496.
16
Calculate the greatest common factor of 1372 and 602798.
98
What is the highest common divisor of 171 and 51496992?
171
Calculate the greatest common factor of 17 and 10478443.
17
Calculate the greatest common factor of 31906 and 2872744.
602
What is the highest common factor of 4910 and 44825354?
982
Calculate the highest common factor of 7800 and 6690840.
1560
Calculate the greatest common factor of 496 and 6098072.
248
What is the greatest common factor of 817 and 10267368?
43
Calculate the greatest common factor of 2250157 and 16276.
4069
What is the highest common factor of 4342157 and 134762?
1567
Calculate the greatest common factor of 3916 and 46772.
44
Calculate the highest common factor of 722880830 and 4965.
1655
What is the highest common factor of 3478 and 15430147?
1739
What is the highest common factor of 1125 and 48933?
9
Calculate the highest common divisor of 64020350 and 100.
50
Calculate the highest common divisor of 48589814 and 104.
26
Calculate the greatest common factor of 31178232 and 156.
12
What is the greatest common factor of 283563 and 6125?
49
What is the highest common factor of 137164 and 7811878?
1294
Calculate the highest common divisor of 208 and 31373069.
13
What is the highest common factor of 909 and 84367724?
101
Calculate the highest common factor of 32026 and 341531.
239
What is the highest common divisor of 158 and 729245603?
79
What is the greatest common divisor of 48 and 475146400?
16
Calculate the greatest common divisor of 41077387 and 1612.
403
Calculate the greatest common factor of 575928 and 22824.
72
What is the greatest common divisor of 8372 and 88956686?
4186
Calculate the highest common divisor of 26 and 48267466.
26
Calculate the highest common divisor of 689 and 30604444.
13
Calculate the highest common factor of 3753008 and 3920.
784
Calculate the highest common factor of 1162 and 4427444.
14
What is the greatest common divisor of 4516 and 7004?
4
What is the greatest common factor of 1050374 and 8307?
923
Calculate the greatest common divisor of 80433563 and 8113.
427
Calculate the highest common divisor of 70488 and 4057416.
792
What is the greatest common divisor of 56 and 963151?
7
Calculate the greatest common divisor of 450674 and 238.
14
Calculate the greatest common factor of 180098 and 72.
2
What is the greatest common divisor of 1040 and 1547440?
80
What is the greatest common divisor of 39505403 and 14?
7
Calculate the highest common divisor of 110785 and 10285.
5
Calculate the greatest common divisor of 10317703 and 836.
209
What is the greatest common divisor of 9011791 and 230?
23
Calculate the greatest common divisor of 17324 and 40170238.
142
What is the highest common factor of 7620 and 27151584?
1524
What is the greatest common factor of 33 and 37786111?
11
What is the highest common factor of 2440904 and 4?
4
What is the greatest common divisor of 142743321 and 98?
49
Calculate the highest common factor of 1381 and 18376967.
1381
What is the greatest common factor of 9046256 and 16?
16
What is the greatest common divisor of 7155999 and 549?
9
Calculate the greatest common factor of 14691 and 467.
1
What is the highest common divisor of 440 and 3071420?
220
What is the highest common factor of 120 and 40425390?
30
What is the greatest common divisor of 8126228 and 132?
44
Calculate the greatest common factor of 2261 and 668819.
19
Calculate the highest common divisor of 173187992 and 34136.
2008
What is the greatest common divisor of 23386 and 54538?
22
What is the greatest common divisor of 4951905 and 8805?
15
What is the greatest common factor of 500 and 13431750?
250
What is the highest common factor of 2404 and 5927?
1
Calculate the highest common factor of 965 and 182368595.
965
Calculate the highest common factor of 75360 and 1000590.
30
What is the greatest common factor of 227460 and 8211?
51
Calculate the highest common divisor of 55857250 and 100.
50
Calculate the greatest common factor of 1076454 and 118026.
1422
What is the greatest common factor of 1099017 and 738?
9
What is the highest common divisor of 33650 and 72750?
50
Calculate the greatest common divisor of 12276 and 3449773.
31
What is the greatest common divisor of 2070 and 5879835?
1035
What is the greatest common divisor of 39921147 and 399?
399
What is the greatest common divisor of 154036 and 1487956?
1588
Calculate the highest common factor of 386 and 28253849.
193
Calculate the greatest common divisor of